). Suppose -6 = 2*k - 2*n, 5 = -i*k - n - 0. What are the prime factors of w(k)?
2, 29
What are the prime factors of (-291382)/(-70)*20/8*8/4?
13, 1601
Suppose 0 = -2*r + 10, 17 = -2*n + 4*r - 3. List the prime factors of (n + -3)/(3/(-5)) - -731.
2, 23
Suppose 0*y - y + k + 51 = 0, -3*k - 265 = -5*y. Suppose 2*w - y - 18 = r, 4*w = -2*r + 140. What are the prime factors of w?
2, 3
Suppose 312985 + 105247 = 18*g - 10*g. What are the prime factors of g?
23, 2273
Suppose -5*l = -g - 3*l + 4, -4 = 4*l. Suppose 0 = -3*k - g*k + 45. Suppose k*j + 252 = 11*j. What are the prime factors of j?
2, 3, 7
Let n = 3221 + 3596. List the prime factors of n.
17, 401
Let i = 43 + -40. Suppose -7 = -2*c + 4*y + 5, -i*y = 6. Suppose -c*o - 252 = -6*o. What are the prime factors of o?
3, 7
Suppose f - 4*x - 4 = 0, 0 = -f + 6*f - 4*x - 4. Suppose 12*z = -f*z + 2088. Let j = 312 - z. What are the prime factors of j?
2, 3, 23
Let b = -4231 - -7299. List the prime factors of b.
2, 13, 59
Let q = -111 + 117. Suppose n = -q*n + 1176. List the prime factors of n.
2, 3, 7
Let b = 242 - 139. Let a = b - 38. List the prime factors of a.
5, 13
Let u(y) = -19 + 1 - 19*y + 3. Let d be -3 - -2*((-34)/4 + 7). What are the prime factors of u(d)?
3, 11
Suppose -3*r - 3 + 18 = 0. Suppose 12 = 38*h - 35*h. Suppose h*n = r*o + 209, -3*o = 2*o - 15. What are the prime factors of n?
2, 7
Suppose -4*a - 5*t = -18, -a = -5*t + 4 + 4. Let g(f) = 9*f + 6*f**a - 3 - 25*f + 12*f. What are the prime factors of g(5)?
127
Let j be 0/(-4 + 8/4) + -2. Let f(b) = 37*b**2 - 3*b - 2. What are the prime factors of f(j)?
2, 19
Let d(q) = -6*q + 9. Let f(w) = w**2 + 3*w + 3. Let c be f(-1). Let z be 973/(-42) - c*1/(-6). What are the prime factors of d(z)?
3, 7
Suppose -41351 = 6*z - 141821. List the prime factors of z.
5, 17, 197
Let u(p) be the first derivative of 19*p**5/60 + p**4/24 - p**3 + 35*p**2/2 - 12. Let q(f) be the second derivative of u(f). List the prime factors of q(2).
2, 3
Let g(b) = -2*b - 3. Let s be g(-5). Suppose 710 = s*z + 1753. Let v = z - -217. List the prime factors of v.
2, 17
Let n(j) = 39*j**3 + j**2 - j - 1. Let c be n(1). Let t = c + -35. Suppose -38 = -t*p + 28. List the prime factors of p.
2, 11
Suppose 6 = -2*q, 2*v = 2*q - 24 + 58. Suppose v = -6*i + 8*i. Suppose 463 + 832 = i*f. List the prime factors of f.
5, 37
Let i be (2/3)/(6/27). Suppose i*n = 14 - 20. List the prime factors of n/8 + 1419/12.
2, 59
Let z(l) = l**3 - 20*l**2 + 34*l - 7. Let o(v) = -v**2 - 1. Let c(b) = 6*o(b) + z(b). List the prime factors of c(25).
2, 53
Suppose 151289 + 430086 = 25*m. List the prime factors of m.
5, 4651
Let p = 9135 - -7546. List the prime factors of p.
7, 2383
Let p be -7 - (-5)/(-5)*-11. Suppose 0 = -2*q, -2*q = -p*u + 2*u + 1274. List the prime factors of u.
7, 13
Let q(f) = 2*f**3 - f**2 - f + 1. Let v(s) = -1332*s**3 + 7*s**2 + 4*s - 1. Let n(x) = 3*q(x) + v(x). List the prime factors of n(-1).
11
Let a = -61 + 73. Suppose 0 = 10*w - 9*w - a. What are the prime factors of (-174)/(-18) - (1 - w/9)?
2, 5
Let k(u) = 42*u - 343. Let i(w) = 22*w - 172. Let d(s) = -5*i(s) + 3*k(s). What are the prime factors of d(12)?
23
Suppose 3*x + 3*i + 15 = 0, 16 = -4*x - 9*i + 7*i. List the prime factors of (1 - x*1905)*1/4.
1429
Suppose -4886 = -4*l - 22*d + 24*d, -2*d = l - 1234. What are the prime factors of l?
2, 3, 17
Suppose -321 - 405 = j + 3*m, -m = -3. Let r = j - -1144. What are the prime factors of r?
409
Let m be 133835/(-715) + ((-2)/(-11) - 0). List the prime factors of (-12 + m + 17)*(0 + -5).
2, 5, 7, 13
Let r(m) = 462*m - 936. What are the prime factors of r(69)?
2, 3, 191
What are the prime factors of (-12123672)/(-594) + 1/18*-4?
2, 5, 13, 157
Suppose 160*u + 502 = 159*u. What are the prime factors of (14 - 16)*(u/4)/1?
251
Suppose -13235138 - 4162060 = -266*j. What are the prime factors of j?
3, 13, 43
Suppose -2*t = -2*o - 30, -3*o - 2*o + 25 = 5*t. Suppose t*g - 13*g = -924. List the prime factors of g.
2, 7, 11
Let t(o) = -13*o + 33. Let a be t(9). List the prime factors of (11984/a)/((-4)/6).
2, 107
Let c be ((-2)/(-9) + (-237)/(-27))*-3. List the prime factors of (-8922)/(-54) + 6/c.
3, 5, 11
Suppose 0 = -67*q + 74*q - 42721. List the prime factors of q.
17, 359
Let q(c) = -c**2 + 32*c + 12591. List the prime factors of q(0).
3, 1399
Let k = 1332 + -1330. Suppose z - 800 = -0*z. What are the prime factors of k/(-4)*z/(-8)?
2, 5
Suppose 71745 = 5*a - m, -3*a + 24643 = -3*m - 18416. What are the prime factors of a?
2, 17, 211
Let h(t) be the second derivative of 11*t**3/6 + 167*t**2/2 - 7*t. What are the prime factors of h(18)?
5, 73
Suppose -5*d - 528 = 3*n, 7*n - 444 = 4*d + 4*n. Let l = 200 - d. List the prime factors of l.
2, 7, 11
Suppose -4*r + 11 = -9. Suppose 4*i - 6*m = -2*m + 8, -r*i + 22 = -m. Suppose -2*u - i*b - 216 = -6*u, -3*u + 5*b + 157 = 0. What are the prime factors of u?
59
Let t be 846/(-8)*((-57)/9 - -1). Suppose x - 4*x = -3*j + 861, 2*j + 3*x = t. What are the prime factors of j?
3, 5, 19
Suppose 15655 = 21*i - 7340. Suppose 10*c - 9*c = i. What are the prime factors of c?
3, 5, 73
Suppose 7*j - 3*j = -296. Let i be (0 + -1)*(-503 - -2)/3. Let g = j + i. What are the prime factors of g?
3, 31
List the prime factors of 688/1548 - (-131423)/9.
17, 859
List the prime factors of -54*15/(-45) + 5090.
2, 1277
Let m(a) = a**3 + 85*a**2 - 170*a + 37. List the prime factors of m(-85).
3, 11, 439
Let l be (-45)/(-35) + (-4)/14. Let f be (-1 + 0 - l/(-2))*-36. Suppose 604 = f*j - 14*j. List the prime factors of j.
151
Let i = 6597 - -801. List the prime factors of i.
2, 3, 137
Let p = 38 - 12. Let t be 172/(-9) + 54/486. Let j = p + t. List the prime factors of j.
7
Let n(t) = 179*t**2 - 3*t. Let g be n(2). Let m(z) = -z**3 + 2*z**2 + 26*z - 64. Let q be m(4). Suppose g = q*u - 3*u. What are the prime factors of u?
2, 71
Let a(j) = -80*j + 40. Let k(i) = -27*i + 13. Let f(x) = -5*a(x) + 16*k(x). Let d be f(-9). List the prime factors of d/20 + 3/15.
3, 5
Let z(t) be the first derivative of -t**4/2 - 3*t**3 - 5*t**2/2 + 16*t - 33. List the prime factors of z(-7).
2, 37
Suppose 2*w = -3*j + 6860, j - 964 = -4*w + 1326. List the prime factors of 5*j/45*4.
2, 127
Suppose 4*g + 19 = 3*u + 58, g = 4*u + 26. Let b(l) = 3*l**3 - 14*l**2 + 4*l + 25. What are the prime factors of b(g)?
193
Suppose -9 = -k + 4*m, -3*k - 4*m + 0 = 5. Let a be 3 - (2/(-1) - k). Suppose -455 = -13*h + a*h. List the prime factors of h.
5, 13
Suppose -3*q + 2*u + 18 = 0, 7*u - 4*u = 3*q - 21. Let m(b) = -b**3 + 7*b**2 - 9*b - 2. Let t be m(q). Suppose -2*c = -10 - t. What are the prime factors of c?
2, 5
Let u be ((-344)/215)/(8/(-140)). Let y be 128 + (-1 - 0)*0. Let t = u + y. What are the prime factors of t?
2, 3, 13
Suppose 4*o + 68 - 733 = 3*j, 0 = -5*o - 3*j + 865. Let p be 2346/o + (-8)/10. What are the prime factors of ((-15)/6)/(p/(-156))?
2, 3, 5
Suppose 54*z - 6581497 + 2003917 = 0. List the prime factors of z.
2, 5, 7, 173
Suppose 708*t - 690*t = 84222. List the prime factors of t.
4679
Suppose -5*g - 20 = -m, -2*m + 5*g = -0*g - 25. Suppose 0 = m*q - 144 - 246. List the prime factors of q.
2, 3, 13
Suppose 179*t = 265*t - 1011*t + 64246800. List the prime factors of t.
2, 3, 1447
Let o(g) = 5*g**2 - 93*g + 2879. What are the prime factors of o(47)?
41, 233
Let b be 21/(9/15 + (-4)/(-10)). Suppose 4*t = t + b. Suppose 0 = -t*i - 5*i + 2364. List the prime factors of i.
197
Suppose 67*z - 101*z = -385118. What are the prime factors of z?
47, 241
Suppose 20*u + 226*u = -179*u + 25231825. List the prime factors of u.
59369
Let n(x) = x + 15. Let d be n(-13). Suppose -4*f + d*f = -2, -4*f + 334 = q. What are the prime factors of q?
2, 3, 5, 11
Let p(m) = -2*m**3 - 15*m**2 + 90*m - 19. List the prime factors of p(-21).
2, 4999
Suppose 11*d = 1260 + 500. Suppose -d*u + 161*u = 66. List the prime factors of u.
2, 3, 11
Let y be 13000/91 - (-12)/(-14). List the prime factors of (-4496)/(-6) + y/213.
2, 3, 5
Suppose 3*s + 10*l - 13 = 9*l, -s + 2*l = -16. Suppose 0 = s*b - 1669 - 911. What are the prime factors of b?
2, 5, 43
Suppose 294 = -9*a - 1236. Let f = 293 + a. List the prime factors of f.
3, 41
Let l(y) = -8734*y**3 + y**2 + 10*y + 17. What are the prime factors of l(